e?
False
Suppose 0 = 319*o - 323*o + 13004. Is o a prime number?
True
Suppose q = 0, -12*u - 373 = -13*u + 2*q. Is u composite?
False
Let d = -35 + 17. Let x = 23 + d. Is 2 - x/(10/(-378)) prime?
True
Let m = 3018 + -4266. Let g = m + 2441. Is g a composite number?
False
Suppose -6*f - 32 = -62. Suppose f*i - 3754 = g - 2*g, -5*i + 3759 = -4*g. Is i a prime number?
True
Let h = -40 + 2327. Is h prime?
True
Suppose 736*y + 106060 = 746*y. Is y a composite number?
True
Suppose -5*h = -3*f + 49, h - 2*f + 15 = 1. Let l(z) = z**3 + 15*z**2 - 5*z - 3. Is l(h) a prime number?
False
Suppose 6*o = 11*o + 1700. Let n = o - -531. Is n a prime number?
True
Let j(o) be the third derivative of o**4/2 - 11*o**3/6 + 2*o**2. Suppose -7*i + 12*i = 45. Is j(i) prime?
True
Suppose p - 6*n + 801 = -2*n, -3*n = -5*p - 3988. Let o = 1359 + p. Is o a composite number?
True
Let v(t) = 5*t**2 + 4*t - 3 - 11*t + 8*t. Is v(5) a composite number?
False
Suppose 4*u + 5*f - 1684 = 12231, -5*u = 2*f - 17381. Let z = -1592 + u. Is z composite?
True
Let t(x) = 482*x**2 - 20*x + 25. Is t(-6) a prime number?
True
Let a = -311040 + 569887. Is a prime?
True
Let y be (-8)/(-6)*108/8. Suppose -2*a = -y - 568. Is a prime?
True
Let p(x) be the third derivative of -487*x**4/6 - 3*x**3/2 - 7*x**2. Let s(l) = 487*l + 2. Let j(d) = 2*p(d) + 9*s(d). Is j(1) a composite number?
False
Let k = -22823 + 38316. Is k composite?
False
Let w(t) = -15*t**3 + 6*t**2 + 13*t - 6. Let s be w(7). Let m = 1533 - s. Is m a prime number?
True
Let p be 30/(-4)*(-4)/6. Suppose p*z = 185 + 385. Suppose -268 = -2*s + z. Is s prime?
True
Let n = -58 + 61. Suppose -2632 = -n*x - 5*k, 5 = -4*k + 5*k. Is x prime?
False
Suppose -u + 3*p + 3737 = -21927, -102648 = -4*u + 4*p. Is u a prime number?
False
Let b = 53084 + -34181. Is b a prime number?
False
Let p be (3/9)/((-1)/(-6)). Suppose p*g - 6*g = 5*l - 25, -4*l - 5*g + 29 = 0. Is l/(-2) - (-1070)/20 a composite number?
False
Let j = -4873 + 2232. Let h = j + 4659. Is h composite?
True
Let r = 140 + -154. Is ((-2518)/5 + 0)*35/r a composite number?
False
Let i be 8 - (-3 + 5 - 1) - -2. Let b(x) = 24*x + 2. Let c(m) = 8*m + 1. Let j(z) = 4*b(z) - 11*c(z). Is j(i) prime?
False
Is (-12458)/(-2) + (0/6)/(-1) a composite number?
False
Let n(l) = -782*l - 159. Is n(-28) a prime number?
True
Let l(f) be the second derivative of -f**4/12 - 17*f**3/3 - 29*f**2/2 + 28*f. Is l(-24) a prime number?
True
Let b(r) = 5*r**2 - 2*r - 2. Suppose 0 = -5*a + 25, -4*w + 31 = -2*a + 5. Let o(x) = -x + 11. Let v be o(w). Is b(v) a composite number?
True
Suppose -63 = -s - 6*s. Is ((-17)/4)/(s/(-252)) a composite number?
True
Suppose -5*k + 3*i + 1980 = -1760, 3*i + 2995 = 4*k. Let q = 40 + -40. Suppose q*v = 5*v - k. Is v a composite number?
False
Let a = 5 - 2. Suppose -t + 1298 = a*j, -j - t = 3*t - 429. Suppose -2*s = -393 - j. Is s prime?
False
Let o(s) = 17*s**2 - 7*s - 133. Is o(21) a composite number?
True
Let d(f) = -f**2 + 2*f + 161. Suppose v = 2*v. Is d(v) prime?
False
Let s = 8960 - 4513. Is s composite?
False
Let a be ((-1050)/9)/((-6)/(-27)). Let m = 1076 - a. Is m prime?
True
Suppose -2*g + 16 = 5*n - 4*g, -3*g - 1 = 4*n. Suppose 6 = -n*k - 14. Let s(y) = -11*y + 17. Is s(k) a prime number?
True
Let n = 1429 + 1145. Let a = -1334 + n. Suppose 3*z - a = 2519. Is z composite?
True
Let b(k) = k**3 - k**2 + k + 1. Let l be b(2). Suppose 69 = l*p - 5174. Is p composite?
True
Let k be -1 + -6 + 29 + -1. Let y be 1077/(-3)*(-2 - 1). Is y/21 - 6/k prime?
False
Let n(s) be the second derivative of -s**3/6 + 59*s**2/2 - 7*s. Let g(l) = l**3 - 5*l**2 - 7*l + 6. Let p be g(6). Is n(p) a prime number?
True
Suppose 0 = -2*q - q - 4*i + 38, 4*q + 5*i - 49 = 0. Is 3/6 + 471/q a composite number?
False
Is 9 - (-8 - -11) - -3217 composite?
True
Let i = -82 - -86. Suppose 6*f = -5*y + f + 1020, -4 = i*f. Is y composite?
True
Suppose 0 = 4*d + 2*w + 36, 0 = 3*d - 3*w - 14 + 50. Let a be (-9086)/d + 4/10. Suppose k + 2*k - a = 0. Is k composite?
True
Let i be (317/(2 + -1))/(-9 - -10). Suppose -4*c - i = -13729. Is c prime?
False
Suppose 3*k = -k - 4, -2*c = -5*k - 303. Is c prime?
True
Let s(l) = 19*l**2 + 10*l + 28. Let t be s(7). Suppose 2*c - 199 = t. Is c a prime number?
False
Is 43/387 + 77480/9 composite?
False
Let z be (-4)/8*0/(-2). Let f be 2/(-13) - (-4 - (-35888)/(-52)). Suppose -5*d - 2*w + 1105 = z, -5*w = 3*d - 6*d + f. Is d prime?
True
Let q(p) = -p**3 - 18*p**2 - 22*p + 18. Let v = -89 + 70. Is q(v) a composite number?
False
Let s = -3 + 7. Suppose n - 1 = -s. Is 232/(-60)*n*5 prime?
False
Let v(w) = 2 - 18*w**3 + 6*w**3 + 15*w**2 + 13*w**3 + 8*w - 1. Let g(r) = -14*r + 1. Let a be g(1). Is v(a) prime?
False
Is (-21)/(21/4) - (-21670 + -1) a composite number?
True
Let r be (-42)/4 + (-15)/(-10). Is (r + -20)/(2/(-26) + 0) a prime number?
False
Let t = 414 - 602. Let z = 277 + t. Is z a prime number?
True
Let r(q) = 4*q**3 + 2*q**2 + 3. Let s be r(-5). Suppose -5*j + 2*t + 4582 = 0, 0 = -5*j - 5*t - 492 + 5067. Let n = s + j. Is n composite?
True
Let z(f) = 8*f**2 - 19*f - 8. Let t be z(-13). Let u = 3384 - t. Is u prime?
False
Suppose -a = 5*z + 6, -2*z = z - 6. Is 2/a + 128926/112 composite?
False
Let u = 21 - 16. Suppose 9*y - 2070 = -u*q + 4*y, 5*y = -3*q + 1244. Is q composite?
True
Suppose -4*j + 510 = 82. Let t = j + 180. Is t composite?
True
Suppose 3*a - 84639 = -99*o + 98*o, 5*o = -4*a + 112852. Is a a composite number?
True
Suppose 3*l - 3*j + j - 102373 = 0, 2*j + 4 = 0. Is l composite?
False
Let l = 13106 - 5679. Is l composite?
True
Suppose -2*l = 3*q - 28709, q - 8667 = 3*l + 910. Is q a prime number?
False
Let m be (-96)/64*(1 + -2 + -1). Suppose v = 2*v + n - 2518, -7569 = -m*v + 2*n. Is v prime?
True
Suppose -4*z + 18 = -0*z + 2*b, 3*z = 3*b. Suppose -3*n + 753 = 3*o, -4*n = n - z*o - 1255. Is n prime?
True
Suppose 1780871 + 85283 = 103*k. Is k composite?
True
Let v(h) = h**3 + 5*h**2 + h + 6. Let o be v(-5). Is (o - -452) + (-5)/(10/4) prime?
False
Is ((-9)/6)/(76125/76134 + -1) a prime number?
True
Let x be (-9)/(-6)*160/(-12). Is (x/15)/(2/(-33)) composite?
True
Suppose -3*b = -2*k - 5884, -5*k + 3583 + 2329 = 3*b. Suppose 7*v = 11*v - b. Is v prime?
True
Suppose 3*g = -9, -4*m = -6*m + 2*g + 1084. Suppose 4*l + m = 5*c, -2*c + 57 = -4*l - 149. Is c prime?
False
Let g(z) = -z**3 + 12*z**2 - 18*z - 25. Let b be g(-11). Suppose 670 = -6*o + b. Is o a prime number?
False
Let t(o) = -1217*o**3 + o + 1. Let z be t(-1). Suppose 5*s + 1133 = -z. Is s/(-8) - (-2)/8 a prime number?
True
Suppose -4 = -h + 2*h. Let u(r) = -12*r**2 + 9 + 16*r**2 + 8*r**2 + 17*r**2 + r. Is u(h) prime?
False
Let c = -318 + 627. Is c a prime number?
False
Let h = 8 + 0. Suppose -3*o = 5 - h. Let f = o - -148. Is f a composite number?
False
Suppose 5*h = -5*p + 2795 + 8010, 3*p - 6483 = 2*h. Is p a composite number?
False
Suppose 0 = 15*c - 18*c + 6. Suppose 3*j - 16 = c*m - 4*m, -5*m = -2*j - 21. Suppose -o = 2*f - 587, 392 + 2543 = m*o - 4*f. Is o a prime number?
True
Let d(f) = -2*f**2 - 6 - f**3 + 18 + 86 + 151. Is d(0) a composite number?
True
Suppose 7*p - 27493 = 56584. Is p a prime number?
True
Let k = -5587 + 9909. Is k prime?
False
Let t = -74 - -73. Is t + -1*(-540)/(2 + 1) prime?
True
Suppose 0 = -8*a + 18 + 30. Suppose -a*z = -2711 - 631. Is z a composite number?
False
Let j = 5706 + 149. Is j prime?
False
Suppose 6*q - 3*q - 69 = 0. Let u(g) = -2 - q*g**3 + 8 - 3 + 4*g + 4*g**3 - g**2. Is u(-2) composite?
True
Suppose -15*k = -11*k - 18812. Is k composite?
False
Let w be 15/9 - 2/(-6). Suppose -w*c = 3 - 1. Is c/(162/(-159) - -1) a prime number?
True
Suppose -2*x + 4308 = x. Let u(w) = 5*w**2 + 26*w + 6. Let h be u(19). Let a = h - x. Is a composite?
True
Let m(j) = -4 - 3*j - 12 + 280*j. Is m(3) a prime number?
False
Let x(s) = -s + 18. Let l be x(13). Suppose g - l*f + f + 4 = 0, -2*g = -4*f. Suppose 4*h + 2180 = g*c, 2*h - 1607 = -3*c - 2*h. Is c prime?
True
Suppose 0 = -w - 733 + 16542. Is w prime?
True
Suppose 2*q = 5*m + 37, q - 13 = 2*m + 3. Suppose -11*w + q*w + 6805 = 0. Is w a composite number?
False
Suppose 3*l - 208 = -619. Let v = l + 8. Let d = 184 + v. Is d composite?
True
Let s(u) = -68*u - 27*u + 21 + 8. Is s(-10) composite?
True
Suppose 26 - 86 = -5*z